Let r(q) = -2*q - 1 + q + 2*q. Let x be ((-63)/27)/(1/(-3)). Let h = 4 - x. Determine r(h).
-4
Let n(a) = a. Let y(l) = -l**2 + 3. Let q(k) = 2*n(k) - y(k). Calculate q(2).
5
Let f(d) be the first derivative of 5*d**2/2 - 5. Determine f(-2).
-10
Let v(i) be the second derivative of -i**4/12 + i**3/2 + i**2 + 4*i. Suppose -2*z + 5*z - 12 = 0. Let n be v(z). Let w(d) = -3*d - 1. Calculate w(n).
5
Let u(q) = -q**3 - 5*q**2 + q + 3. Let s = 11 + -10. Let k be (s/3)/(1/(-15)). Calculate u(k).
-2
Let v(m) = m - 1. Suppose -18 = -5*t + 2. Give v(t).
3
Let v(j) be the second derivative of -j**6/720 + j**5/30 + j**4/12 - 2*j. Let n(g) be the third derivative of v(g). Calculate n(0).
4
Let j(t) = -4*t - 3 + 2 + 4. Let f be (-70)/(-42) - (-2)/6. Give j(f).
-5
Let g be -2 + (3 - (5 - 4)). Let o(b) = -b**3 - b**2 + b - 6. What is o(g)?
-6
Let z(j) = j**2 + 6*j + 4. Let t be (4/6)/(2/9). Let k(b) = -b**2 + 2*b**2 + 3*b + 3 + t*b. Let w(s) = 3*k(s) - 4*z(s). Calculate w(-5).
-2
Let f(g) be the second derivative of g**5/20 - g**4/3 - 4*g**3/3 + 3*g**2/2 + g. Let k = 92 - 87. Calculate f(k).
-12
Let k(p) = 6*p + 3 - 7*p + 0*p - 2. Give k(4).
-3
Let w(h) = h + 11. Let t = -57 + 50. Give w(t).
4
Let q(m) = m**2 - m - 1. Let t be q(-2). Let h(a) be the first derivative of a**3/3 - 5*a**2/2 + 3*a - 4. Determine h(t).
3
Let u(p) = -11*p**2 - 1. Suppose -2*o + 5*o + 3 = 0. Give u(o).
-12
Let h(r) be the third derivative of -r**4/24 - 7*r**3/6 + r**2. Let g be h(-8). Let k(j) = -9*j**3 - j**2 + 2*j - 1. What is k(g)?
-9
Let d(z) = z - 5. Let k be (2 + -2 - -5) + 1. Let f(x) = -x**2 + 5*x + 4. Let g(u) = u**2 - 5*u - 3. Let w(l) = -3*f(l) - 2*g(l). Let t be w(k). Calculate d(t).
-5
Let n be 8/12 + 20/(-3). Let m(r) = -r - 1. Let i be m(n). Let p(b) = -b**3 + 4*b**2 + 8*b - 6. What is p(i)?
9
Let a(r) = 6 + r**3 + 3*r**2 - 13*r - 6*r**2 + 10*r - 2. What is a(3)?
-5
Let l(x) = -7*x + 9. Let w(p) = 15*p - 18. Let r(o) = -13*l(o) - 6*w(o). Suppose -12 = -3*n - 4*z, -15 = -4*z - 3. Determine r(n).
-9
Let t = -69 - -68. Let w(a) = -a + 0*a - 1 - 3*a**3 + 8*a**3. Determine w(t).
-5
Let u(s) = -s**2 - 8*s - 6. Suppose -9*f + 5*f - 24 = 0. Let h be u(f). Let i(w) = w + 5. Determine i(h).
11
Suppose -5 - 22 = -3*v. Let x(f) = -2*f + 1. Let z(r) = 4*r - 3. Let o(l) = v*x(l) + 4*z(l). Let u = 0 + -2. Calculate o(u).
1
Let j(k) = -k**2 + 1. Let d(m) = 2*m**2 - 2*m + 4. Let y(x) = -d(x) + 5*j(x). What is y(-1)?
-8
Suppose r + 2 = 5. Suppose r*j = 4*j - 3*g - 4, 2 = -g. Let t(y) be the third derivative of -y**4/8 - y**3/6 + 2*y**2. Give t(j).
5
Let j = 5 + 5. Let h(x) = -7 - 6 + j - x + 1. Calculate h(-6).
4
Let g(n) = n**3 - 9*n**2 + n - 13. Let z be (-12)/(-10)*45/6. Calculate g(z).
-4
Let c(v) = -25*v**2 - 4*v + 10. Let b(g) be the first derivative of -17*g**3/3 - 3*g**2/2 + 7*g + 2. Let f(o) = -7*b(o) + 5*c(o). Determine f(-1).
-6
Let g(b) be the second derivative of b**3/6 - b. Give g(-7).
-7
Let h(t) = 1. Let i(v) = -2*v - 5. Let m(r) = -2*h(r) - i(r). Give m(3).
9
Suppose -5*z + 3 = -3*b - 52, z + 5*b = -17. Suppose -5*a + a - z = 0. Let i(x) be the first derivative of -x**4/4 - 4*x**3/3 - x**2 + 2*x + 2. What is i(a)?
-2
Let z be 6/(-4)*(-17)/51. Let l(w) be the first derivative of -z*w**2 + 3 + 2*w. Calculate l(4).
-2
Suppose l + 2*v - 1 + 13 = 0, -23 = -l + 5*v. Let n(g) = -2*g**2 - 17*g + 5. Let r(w) = -w**2 - 9*w + 3. Let s(o) = 6*n(o) - 11*r(o). Give s(l).
-1
Let b(y) be the first derivative of 1 - 7/2*y**2 + 1/3*y**3 + 7*y. Calculate b(5).
-3
Let n(c) = -4 + 7*c - 4*c - 2. Let m be 32/4 - (1 + -4). Let y = 15 - m. Give n(y).
6
Let i be (-49)/14 + (-3)/(-2). Let f be (3 - 1)/(0 - i). Let v(z) = 2 + 0*z + z + z**3 - f - 2*z**2. Give v(2).
3
Let i(x) = -x**3 + 4*x**2 + 2*x - 4. Suppose 0 = 4*r + 3*d - 14, r + 4*d = 2*r + 6. Suppose r = 2*p - 2*u - 0, -2*u - 6 = -3*p. Determine i(p).
4
Let r(l) = 3*l - 3. Let b be (20/8)/((-2)/(-4)). Let q be b/2 + 1/(-2). Give r(q).
3
Let q(j) = j - 10. Let z be q(13). Let d(n) be the third derivative of -1/12*n**4 + 1/6*n**3 - z*n**2 + 0*n + 0. Calculate d(2).
-3
Let v(n) be the third derivative of -n**4/2 - n**3/6 - 14*n**2 + 4*n. Calculate v(1).
-13
Let h(g) = -14*g - 3. Let k(n) = 7*n + 2. Let d(b) = 3*h(b) + 5*k(b). Determine d(1).
-6
Let s(x) = 3*x - 4*x + 3 + 2*x. Suppose 0 = 5*f - 5*c - 5, 3*f - 2*c - 5 = 2. Determine s(f).
8
Let v be 32/6 - (-20)/30. Let a(r) = -v*r + 4*r - r**2 + 5 + 0*r**2 + 3*r. Give a(0).
5
Let i(d) = -d**2. Let x(t) = t**3 - 3*t**2 + 2*t + 3. Let f(h) = 6*i(h) - x(h). Calculate f(-2).
-3
Let q(c) = -c**3 - 5*c**2 + 6*c + 3. Suppose 4*f + 26 = -5*s + 3*f, 5*f - 20 = 0. What is q(s)?
3
Let s be (14/4)/(-3 - 20/(-8)). Let n(i) = i**2 + 9*i + 10. What is n(s)?
-4
Let v(i) be the second derivative of -1/20*i**5 + 0*i**3 - 1/12*i**4 + 3*i - 2*i**2 + 0. Calculate v(-3).
14
Let z(p) = -p**2 - p. Let o(y) = -9*y**2 + y + 7. Let n(v) = -4*v**2 + v + 4. Let k(h) = -5*n(h) + 3*o(h). Let t(s) = k(s) - 5*z(s). What is t(-2)?
-13
Suppose 3*b + 2*v + 17 = 0, -3*b + 3 + 8 = -5*v. Let i(l) = l**2 + 3*l - 2. What is i(b)?
-2
Let m(z) = -7*z**3 - 10*z**2 - 2*z**2 + 9*z**2 - 8*z. Let i(v) = 5*v**3 + 2*v**2 + 5*v. Let q(g) = -8*i(g) - 5*m(g). Calculate q(-1).
4
Let g(v) = -v**2 - 6*v + 1. Let j(s) = -2*s**2 - 12*s + 1. Let x(b) = 7*g(b) - 3*j(b). Suppose -5*h - 25 = -0*h - a, 0 = 4*h - a + 19. What is x(h)?
4
Let c = 5 - 3. Suppose -3*r + 10 = 5*t, -t + 0*t + 4*r = -c. Let i(d) = d + 2*d - 2*d**2 - t + 5 + 0. Give i(3).
-6
Let y(z) = z**3 - 11*z**2 - 12*z - 2. Let q be y(12). Suppose g + 18 = 2*g - 3*o, 0 = 3*g - 5*o - 34. Let v(j) = 2*j**2 - g*j**2 - j - j. Calculate v(q).
0
Let c(j) be the third derivative of -j**7/2520 + j**6/144 - j**5/60 - j**4/12 + 3*j**2. Let o(x) be the second derivative of c(x). Give o(4).
2
Let q(c) be the third derivative of c**6/360 - c**5/15 + 7*c**4/24 + 4*c**3/3 - 3*c**2. Let x(y) be the first derivative of q(y). Calculate x(7).
0
Suppose -2*p - 3*z + 3 = 0, 7 - 2 = 2*p + 5*z. Suppose -s + 0*g = g - 12, 3*g - 20 = -s. Let m(f) = 8*f**2 + f**2 - s*f**2. Determine m(p).
0
Let n(v) = -v**3 + 3*v**2 + v - 3. Let c = 3 + -1. Suppose 6 + 4 = c*l. Suppose 2*s = r - 8 - l, 4 = -2*r - 2*s. Determine n(r).
0
Let u be 1/(2*2/(-4)). Let d(l) be the third derivative of 8*l**2 + 1/6*l**3 + 0*l + 1/60*l**5 + 0*l**4 + 0 + 1/120*l**6. Determine d(u).
1
Let a(u) = -u + 3*u - u**2 - 6*u. Let w be a(-3). Let t(g) = -5*g**2 + 2*g**2 + 46 + 3*g + g**2 - 44. Give t(w).
-7
Let p(d) = -4*d**2 + 9*d**2 - 5 - 3*d**2 - 3*d**2 - d. Give p(0).
-5
Suppose -4*a = a - 15. Let f(d) = d**3 - 3*d**2 - d - 2. Calculate f(a).
-5
Let b(r) be the third derivative of -r**6/120 + r**5/30 + r**4/6 + r**3/2 - r**2. Let y(u) = -u - 15. Let h be y(-13). Determine b(h).
11
Let l(u) = u**3 - u**2. Let h(s) be the second derivative of s**5/4 - s**4/4 + s**3/2 + 2*s. Let n(d) = h(d) - 6*l(d). What is n(4)?
-4
Let v = -7 - -33. Let n be 1/3 + v/(-6). Let k(o) = 3*o + 2*o + 3*o + o**2 - 5*o. Calculate k(n).
4
Let k be 0 - 1*(-2 - 0). Let i be 6 + -2 - (-3 + k). Let b(a) = 6*a**2 - 5*a + 7. Let y(x) = -5*x**2 + 4*x - 7. Let q(o) = 6*b(o) + 7*y(o). Determine q(i).
8
Let t(c) be the second derivative of c**4/6 - 2*c**3/3 + 2*c**2 + 6*c. Calculate t(3).
10
Let x(m) = -m**2 - m + 2. Let i be -5 + 7 + -1*2. Give x(i).
2
Let i(b) = 0*b + b + 4*b**2 + 2 - 3*b**2 + 0*b. Calculate i(-3).
8
Let m = -3 + 3. Let t(i) be the second derivative of -1/6*i**3 + 0*i**2 + 0 + 1/12*i**4 + 3*i + 1/20*i**5. Calculate t(m).
0
Suppose 4*b - 4 + 16 = 0. Let z = b + 3. Let v(d) = 0*d - d**2 + d + 2 + z. Determine v(4).
-10
Let j(m) be the first derivative of -m**3/6 + m**2/2 + 9*m - 5. Let c(u) be the first derivative of j(u). Calculate c(1).
0
Let u(v) be the second derivative of -1/6*v**3 + v + 0 - 5/2*v**2. Let p be (1 + 0 + -1)*1. Give u(p).
-5
Let x(t) = 3*t**3 + t**2 - t. Let g = 2 - 0. Suppose 0 = g*d - y + 2, d = 3*y + y - 15. Calculate x(d).
3
Let o(y) = 3*y**2 - 4*y + 8. Let p(t) = t**2 - t + 3. Let i(z) = -2*o(z) + 7*p(z). Let v(q) = q**2 - 6*q. Let c be v(6). Calculate i(c).
5
Let z(u) = -u**3 + 2. Let r be z(0). Let c(k) = -k - 4. Let f be c(-6). Let n(v) = -4 - 4*v + f + 3. Calculate n(r).
-7
Let c = 5 - 3. Suppose -4 = -2*p - c. Suppose -3*f + 5*n + p = 0,